133. Let t be 6/8 - m/16. Calculate the highest common divisor of 10 and t.
10
Let m(s) = -s**2 - 6*s - 3. Let c be m(-5). Let n be -5*(c/(-1) + 1). What is the greatest common factor of 55 and n?
5
Let w = 151 - 148. Calculate the greatest common factor of w and 3.
3
Suppose d = 2*d - 2, -4*d = 4*c - 88. Suppose g + 5 = 0, 3*s - 6*s + 2*g = -100. What is the greatest common factor of c and s?
10
Suppose 3*q + 6 = 6*q. Suppose -3*t - q*p - 3*p + 8 = 0, -p - 3 = -4*t. Calculate the highest common factor of 5 and t.
1
Let s be (-4)/(-3 - (-26)/10). Let p = -32 + 52. Calculate the highest common divisor of s and p.
10
Suppose 3*q = -q + 20. Suppose z - q*a = 29, 5*a = 5*z - 36 - 9. Suppose x - 88 = -3*t + 41, z*t - 2*x = 162. What is the highest common factor of t and 14?
14
Let z(w) = -w**3 - 7*w**2 + 16*w. Let r be z(-9). Calculate the greatest common divisor of 18 and r.
18
Let r(w) = w**3 - 5*w**2 + 5*w + 4. Let x be r(5). Let s = x - 12. Suppose -662 = -5*b + 18. What is the highest common factor of b and s?
17
Let k = -23 - -35. Calculate the highest common factor of k and 48.
12
Suppose -5*v - 3*m + 449 - 105 = 0, -3*v - 5*m + 200 = 0. Suppose -4*p + 106 = -2*p. Let w = p + -25. Calculate the greatest common divisor of v and w.
14
Let s = 8 + 2. Let v be ((-45)/s)/((-3)/4). Calculate the greatest common factor of 24 and v.
6
Suppose 6*m = 2*m + 660. Calculate the highest common factor of 15 and m.
15
Let x(y) = y**3 - 2*y**2 - 4*y - 2. Let v be x(4). What is the highest common factor of v and 70?
14
Let f be 3 + 1133/5 + (-4)/(-10). Calculate the greatest common factor of 92 and f.
46
Suppose -g + 13 = 9. Calculate the highest common factor of g and 68.
4
Suppose -2*z + 50 = -3*w, -2*w + 2*z = -7*w - 110. Let c = 4 - w. What is the highest common factor of 3 and c?
3
Let s = 17 + -29. Let w be 159/9 + 8/s. What is the highest common factor of 17 and w?
17
Suppose -4*g + 3*g + 8 = 2*z, 14 = -z - 5*g. Calculate the highest common factor of 6 and z.
6
Let x be 316/24 - 3/18. What is the greatest common divisor of x and 39?
13
Suppose -u - 104 = -4*h, 3*h + 8*u = 3*u + 55. Let d = h + -1. Suppose 3*c = 2*i - 12, -i - d = -5*i - 5*c. What is the greatest common factor of i and 18?
6
Let h = -35 + 51. Let w be -3 - (-1 + -1 + 0). Let x = w + 81. What is the greatest common divisor of h and x?
16
Suppose 0 = -c - 0*c + 4*y, c - y - 3 = 0. Suppose 2*u + 182 = c*u. Calculate the greatest common factor of u and 13.
13
Suppose -3 = u - 0*u + 4*b, -5*b = 5*u. Let m be u/(9/21)*6. What is the greatest common factor of m and 42?
14
Suppose -2*f + f = 0. Suppose f = -0*q - q + 14. What is the greatest common divisor of 14 and q?
14
Let i = 1 + 0. Let a = i + -4. Let d be (-2 - a) + 9/1. What is the highest common factor of 5 and d?
5
Let k = 5 - 0. Suppose -k*c + c = -24. Calculate the greatest common divisor of 18 and c.
6
Let y(s) = 3*s**2 + 6*s. Let w be y(-6). Let v(m) = -6 + 3*m - 5*m + 2*m - 3*m. Let g be v(-5). What is the highest common factor of w and g?
9
Suppose -j = -i - 9, -2*j - 2*i - 3*i = -25. Let s be (-18)/(-1 - 12/(-15)). Calculate the greatest common divisor of j and s.
10
Let w(a) = -a**2 + 7*a - 2. Let b be w(3). Let l be (-10)/3*6/(-2). Calculate the highest common factor of b and l.
10
Suppose 4*j - 4 = 3*j. Let q be 2/((-6 + 4)/(-8)). What is the greatest common factor of j and q?
4
Suppose 0*h = -2*h + 242. Calculate the highest common factor of 11 and h.
11
Suppose -3*w = w. Suppose 0 = -5*z + 2*q + 30, -2*z + 4*q + w*q + 12 = 0. Suppose -2*k + 36 = k. What is the highest common factor of k and z?
6
Suppose 4*y + 136 = d + 4*d, 0 = -2*d - 3*y + 59. Calculate the highest common factor of 70 and d.
14
Let w(i) = 70*i - 1. Let d be w(1). Calculate the greatest common divisor of d and 23.
23
Let r(y) = -y**3 + 9*y**2 - 7*y - 1. Let v be r(7). What is the highest common factor of 12 and v?
12
Suppose 18 = 4*q - 118. Let t(u) = 4*u + 15. Let m be t(-12). Let i = m + 84. What is the highest common divisor of i and q?
17
Let o be (-34)/(-10) + (-3)/(-5). Let m = o + -3. Calculate the highest common factor of 1 and m.
1
Suppose -19 - 12 = -c. Calculate the greatest common divisor of c and 93.
31
Let r(d) = 3 - 4 - 4 + 5*d - 6*d. Let j(g) = g - 1. Let n be j(-6). Let z be r(n). Calculate the greatest common factor of z and 8.
2
Suppose -20 = 4*y - 92. Calculate the highest common divisor of y and 12.
6
Let j(f) = -f**2 + 11*f - 21. Let l be j(9). Let k be 2 + l + (9 - 5). What is the greatest common divisor of 12 and k?
3
Let u(z) = -z + 6. Let g be u(5). Calculate the greatest common divisor of g and 3.
1
Let s be (20/5)/(1/38). Suppose -5*q + 79 + 16 = 0. Calculate the highest common factor of q and s.
19
Let n(d) = 12*d - 2. Let x be n(1). Let z = 170 + -100. What is the highest common factor of z and x?
10
Suppose -5*c + 160 = -c. Suppose -2*n + 3 = -7. Calculate the greatest common factor of n and c.
5
Let c be (10/6 - 1)*3. Suppose 24 = c*i + 2*i. Let h(b) = -146*b + 632. Let d be h(4). Calculate the greatest common divisor of d and i.
6
Suppose 0 = -4*x - 2*c + 62, 3*c + 67 = -5*x + 9*x. What is the highest common factor of 1 and x?
1
Let r = 6 - -52. Calculate the greatest common factor of 58 and r.
58
Let t be (-2)/(-8) - 620/(-16). Calculate the greatest common factor of 195 and t.
39
Suppose -2*p + 226 = k, k = p - 2*p + 221. Calculate the highest common factor of 24 and k.
24
Let a be 2/(-5) + (-134)/(-10). What is the greatest common divisor of 39 and a?
13
Let h = -5 - -8. Let f(v) = 2*v**2 - v. Let d be f(h). Suppose -4*w - 180 = -7*w. What is the highest common divisor of w and d?
15
Suppose 0 = 4*q + 3*q - 77. Calculate the greatest common divisor of 44 and q.
11
Suppose -2*h - 3*i = -30 - 17, -4*h + i + 73 = 0. Calculate the greatest common divisor of h and 152.
19
Let b(d) = -2*d**3 - 2*d**2 + 3*d - 3. Let r be 3/(-9) + 32/6. Suppose r + 1 = -2*x. Let s be b(x). Calculate the highest common factor of s and 12.
12
Suppose 3 = 2*x - 3. Suppose 54 = x*s - s. What is the highest common divisor of 18 and s?
9
Suppose 3*j + 7 = 5*y, y + 4*j - 8 = -y. Let k(d) = -5*d + 0*d + d**3 - 1 - 3 + y*d**2. Let i be k(4). What is the highest common factor of i and 8?
8
Let r = 118 - 82. What is the highest common divisor of 234 and r?
18
Let x be ((-140)/49)/(4/(-14)). Let b(n) = -19*n**2 - 6*n + 1. Let i be b(-5). Let p be i/(-15) + (-2)/(-5). What is the highest common divisor of p and x?
10
Let x(a) = 2*a**2 + 6*a - 3. Let h be x(-8). Suppose -41 = -4*s - d, 5 = s - d + 3*d. What is the greatest common divisor of h and s?
11
Suppose 35 = 5*t - 20. Calculate the highest common divisor of 209 and t.
11
Suppose -t - 18 = -2*t + 5*l, -5*l - 90 = -5*t. Let r = -3 + 5. Calculate the highest common factor of r and t.
2
Let u(i) = -i**3 + 7*i**2 - 4*i - 6. Let q(h) = -h**2 + 5*h + 5. Let a be q(5). Let w be u(a). Calculate the highest common divisor of w and 60.
12
Suppose 145 = 4*h - y, -113 = -4*h + 3*y + 42. Let l(x) = 2*x - 5. Let q be l(6). Calculate the highest common factor of q and h.
7
Suppose 3*b + 139 = w, -5*w + 5*b = -429 - 236. What is the highest common factor of 26 and w?
26
Suppose 0 = -5*q - 27 + 432. What is the greatest common divisor of 9 and q?
9
Let q = -5 - 5. Let h be (-15)/q*34*2. What is the highest common factor of h and 17?
17
Let w = 26 - 2. Suppose -4*r - 66 = 54. Let i = -18 - r. What is the greatest common factor of i and w?
12
Suppose -3*g + 2 + 25 = 0. Suppose -1 = -2*c - g. Let l be c/(-2) + 0 + 20. What is the highest common divisor of 55 and l?
11
Suppose d = 4*f + 7, -d - f + 17 = -0*f. What is the highest common factor of d and 60?
15
Suppose -5*r = -7*r + 8. Calculate the greatest common factor of r and 8.
4
Let s = 11 - 1. Let u be 2/10 - (-28)/s. Suppose -u*x - 2*x + 100 = 0. Calculate the highest common divisor of 8 and x.
4
Let a(i) = 3*i - 7. Let c(t) = t**2 + t - 3. Let u be c(-4). Let o be a(u). Let r(h) = h**2 + 1. Let l be r(2). What is the highest common factor of l and o?
5
Suppose -5*g = 5*m - 40, -4*m - m = 4*g - 28. What is the highest common divisor of g and 4?
4
Let u = 86 - 61. What is the highest common factor of 10 and u?
5
Let n(z) = z**2 - 6*z - 6. Let m be (-50)/(-5)*(2 - 1